True
Does 2 divide 95528564?
True
Is 766573866 a multiple of 5283?
True
Is 24141260 a multiple of 115?
True
Does 56 divide 347474698?
False
Is 17 a factor of 443778024?
False
Does 2257 divide 32236422?
False
Is 1116 a factor of 1192396022?
False
Does 5406 divide 199584114?
True
Is 11 a factor of 126762027?
False
Is 234 a factor of 8194914?
True
Does 34 divide 439000826?
True
Is 2612314 a multiple of 195?
False
Does 222 divide 34106304?
True
Does 6 divide 59127432?
True
Is 23412298 a multiple of 94?
True
Does 277 divide 374407327?
True
Is 2266 a factor of 153908986?
True
Is 1777 a factor of 129312112?
False
Is 3 a factor of 23660974?
False
Does 16 divide 3855657152?
True
Is 214 a factor of 70547454?
True
Does 2239 divide 2382708?
False
Is 7 a factor of 1314631585?
False
Does 1081 divide 203474381?
False
Does 19 divide 1211630550?
False
Is 28 a factor of 535096240?
True
Does 455 divide 474405?
False
Does 4290 divide 44116152?
False
Is 965 a factor of 56720770?
True
Is 532414 a multiple of 24?
False
Is 126 a factor of 11562817?
False
Is 17 a factor of 7094100?
True
Is 794 a factor of 73057528?
True
Is 279869118 a multiple of 3?
True
Is 37697568 a multiple of 2703?
False
Is 1982363910 a multiple of 1491?
False
Is 57124641 a multiple of 49?
True
Is 37259308 a multiple of 367?
True
Is 12898065 a multiple of 5?
True
Is 713025016 a multiple of 1569?
False
Does 150 divide 357661381?
False
Does 13 divide 808728388?
True
Is 26 a factor of 113710532?
True
Does 31 divide 838370986?
False
Is 152 a factor of 1514101?
False
Is 65229916 a multiple of 609?
False
Does 101 divide 180373577?
True
Is 470064996 a multiple of 36?
True
Is 216 a factor of 525875544?
True
Does 595 divide 26435085?
False
Is 76768559 a multiple of 100?
False
Is 2498 a factor of 803936336?
True
Is 93702046 a multiple of 23?
True
Is 147875390 a multiple of 7?
False
Is 73 a factor of 33678842?
True
Is 3404185822 a multiple of 7133?
False
Is 2377848254 a multiple of 14023?
False
Does 3153 divide 1169445976?
False
Is 20285446 a multiple of 233?
True
Is 4390508201 a multiple of 19?
True
Is 7 a factor of 254259942?
False
Is 631297482 a multiple of 34?
True
Is 249208722 a multiple of 4382?
True
Is 207395155 a multiple of 283?
False
Does 23 divide 26441329?
True
Does 1341 divide 7984314?
True
Does 67 divide 21394272?
False
Is 2565332 a multiple of 109?
False
Is 79714162 a multiple of 11?
True
Is 1337702020 a multiple of 19?
False
Is 7 a factor of 20746115?
False
Does 15 divide 16747635?
True
Is 17 a factor of 361305617?
False
Does 1004 divide 160204470?
False
Does 254 divide 17109440?
True
Is 5 a factor of 414788580?
True
Is 100 a factor of 21661292?
False
Is 34 a factor of 718076192?
True
Does 4 divide 18162446?
False
Is 1582793893 a multiple of 103?
True
Does 1165 divide 5504039005?
True
Does 27 divide 92900412?
True
Does 24 divide 19096698?
False
Is 3983349504 a multiple of 1616?
True
Is 521376816 a multiple of 4290?
False
Does 574 divide 89828704?
True
Is 11283025 a multiple of 65?
True
Does 56 divide 81247126?
False
Does 97 divide 46452621?
True
Does 81 divide 11895498?
True
Is 5 a factor of 2971638?
False
Does 49 divide 5559214?
False
Is 5 a factor of 36282504?
False
Is 20 a factor of 12831967?
False
Does 622 divide 149164053?
False
Does 2845 divide 304428249?
False
Is 11 a factor of 25015496?
True
Does 156 divide 91656864?
True
Does 161 divide 405737246?
False
Is 22 a factor of 99200900?
False
Does 5 divide 1009646551?
False
Is 55 a factor of 3345677280?
True
Is 12338274 a multiple of 827?
False
Does 233 divide 824880523?
False
Does 1110 divide 73370451?
False
Is 3142 a factor of 3384994046?
False
Is 225989994 a multiple of 411?
True
Does 25 divide 14505400?
True
Does 16 divide 321066576?
True
Is 30118095 a multiple of 519?
False
Is 3487 a factor of 1493168270?
True
Is 551286008 a multiple of 112?
False
Is 1718 a factor of 19723835?
False
Does 25 divide 30805756?
False
Does 2 divide 49982038?
True
Does 1892 divide 1121046154?
False
Is 9811976 a multiple of 29?
True
Does 35 divide 196165474?
False
Does 20 divide 433330711?
False
Is 559 a factor of 113152780?
True
Is 23874048 a multiple of 3768?
True
Is 4583300 a multiple of 88?
False
Does 8 divide 454683632?
True
Is 33699910 a multiple of 259?
False
Is 141530185 a multiple of 991?
False
Does 428 divide 22509376?
True
Is 580944564 a multiple of 4519?
True
Is 11 a factor of 133488762?
True
Does 134 divide 143648670?
True
Is 70377375 a multiple of 538?
False
Is 50753298 a multiple of 4?
False
Is 74706 a multiple of 3?
True
Is 22683708 a multiple of 4?
True
Is 55 a factor of 1393081525?
True
Is 2034 a factor of 59293029?
False
Does 172 divide 70425183?
False
Is 67 a factor of 57805925?
True
Is 5440592 a multiple of 16?
True
Is 201 a factor of 18844759?
False
Does 2808 divide 1141381338?
False
Is 25321239 a multiple of 3?
True
Is 13 a factor of 112036479?
False
Does 14 divide 15142238?
False
Does 18 divide 154294308?
True
Is 75694905 a multiple of 297?
True
Does 66 divide 21184020?
True
Is 543 a factor of 143791475?
False
Is 4042317751 a multiple of 19?
False
Is 63220968 a multiple of 1363?
False
Is 121 a factor of 155394818?
False
Is 19352397 a multiple of 3?
True
Is 403900109 a multiple of 425?
False
Does 27 divide 31644054?
True
Does 24 divide 67414800?
True
Is 264918652 a multiple of 616?
False
Does 13 divide 28682066?
False
Is 2044102560 a multiple of 6?
True
Is 318436265 a multiple of 35?
True
Is 12 a factor of 89786135?
False
Does 59 divide 354496721?
True
Does 692 divide 2650360?
True
Is 16 a factor of 2201450210?
False
Is 98 a factor of 843512561?
False
Does 372 divide 45570?
False
Is 13 a factor of 42859078?
False
Is 290051211 a multiple of 183?
False
Does 25 divide 2038201800?
True
Is 914773500 a multiple of 540?
True
Is 523 a factor of 22487246?
False
Does 191 divide 526737699?
True
Does 27 divide 2292833408?
False
Does 5 divide 1060733682?
False
Is 719 a factor of 72456506?
True
Is 2388 a factor of 334754616?
True
Does 17 divide 114162973?
True
Is 2195 a factor of 24107810?
False
Is 12 a factor of 441780931?
False
Is 236 a factor of 2555978?
False
Is 5 a factor of 20592740?
True
Is 794 a factor of 1460358148?
True
Is 8 a factor of 189296934?
False
Does 2728 divide 335079924?
False
Does 191 divide 4124897?
False
Is 313 a factor of 279290746?
False
Is 322438457 a multiple of 1451?
False
Is 243 a factor of 471741732?
True
Does 22 divide 23977734?
True
Is 563206873 a multiple of 1771?
False
Does 844 divide 966391816?
True
Does 111 divide 464329650?
True
Does 163 divide 15452926?
False
Is 397 a factor of 6739869?
True
Is 39 a factor of 149587113?
True
Does 523 divide 112697485?
False
Is 18255433 a multiple of 23?
False
Does 146 divide 122714259?
False
Does 60 divide 264435120?
True
Does 377 divide 278100836?
True
Is 67403911 a multiple of 1281?
False
Is 574361337 a multiple of 14?
False
Is 22234324 a multiple of 14?
True
Does 96 divide 9364766?
False
Is 1949 a factor of 34673273?
False
Is 5 a factor of 24091714?
False
Does 18 divide 5150467255?
False
Does 3 divide 7122821?
False
Does 9 divide 18698438?
False
Is 751 a factor of 159392528?
False
Is 16077382 a multiple of 14?
False
Does 193 divide 12773898?
True
Is 10 a factor of 643172083?
False
Is 20 a factor of 26234537?
False
Is 33 a factor of 2568481978?
False
Is 15785582 a multiple of 39?
False
Does 25 divide 388149?
False
Is 563211140 a multiple of 8?
False
Does 560 divide 7416634817?
False
Does 7683 divide 3222250200?
True
Does 12 divide 15740244?
True
Does 162 divide 611530566?
False
Is 695751604 a multiple of 4090?
False
Is 32261375 a multiple of 1525?
True
Is 12 a factor of 14484697?
False
Is 1095057418 a multiple of 4069?
True
Does 6 divide 174745163?
False
Is 611 a factor of 44497908?
True
Is 311 a factor of 211876214?
True
Is 8456 a factor of 778087296?
True
Is 259869676 a multiple of 4?
True
Does 19 divide 30269280?
True
Is 23987970 a multiple of 119?
False
Does 13 divide 335040277?
True
Does 18 divide 11157017688?
True
Is 32079480 a multiple of 2360?
True
Does 138 divide 6897950?
False
Does 1976 divide 172081936?
True
Is 6671130 a multiple of 177?
True
Is 248 a factor of 1477147024?
True
Is 254646 a multiple of 329?
True
Is 8362802 a multiple of 1589?
False
Does 694 divi